{"id":108,"date":"2024-06-03T13:30:43","date_gmt":"2024-06-03T11:30:43","guid":{"rendered":"http:\/\/statioromana.org\/?page_id=108"},"modified":"2024-11-23T12:29:00","modified_gmt":"2024-11-23T11:29:00","slug":"le-centre-dinterpretation-de-la-chaussee-romaine","status":"publish","type":"page","link":"https:\/\/statioromana.org\/index.php\/vicus\/le-centre-dinterpretation-de-la-chaussee-romaine\/","title":{"rendered":"Pr\u00e9sentation"},"content":{"rendered":"\n<p><strong>BOULOGNE-BAVAY-TONGEREN-K\u00d6LN<\/strong>&nbsp;<\/p>\n\n\n\n<p class=\"has-text-color has-link-color has-medium-font-size wp-elements-c31aaea73b6d81133afdb8244d7a1ebd\" style=\"color:#9c582e;font-style:normal;font-weight:700\">&nbsp;&nbsp;&nbsp;&nbsp; \u00ab&nbsp;Le Centre d\u2019Interpr\u00e9tation&nbsp;\u00bb est un milieu privil\u00e9gi\u00e9, un milieu th\u00e9matis\u00e9, un milieu d\u2019animation int\u00e9gr\u00e9, o\u00f9 sont rassembl\u00e9s en syst\u00e8me plusieurs moyens d\u2019interpr\u00e9tation permettant et favorisant la communication directe individu-patrimoine et la participation collective \u00e0 la conservation et \u00e0 la mise en valeur de ce milieu et de l\u2019environnement en g\u00e9n\u00e9ral.&nbsp;<\/p>\n\n\n\n<p class=\"has-text-color has-link-color has-medium-font-size wp-elements-7a38004a3012385218240cdab6b413c9\" style=\"color:#9c582e;font-style:normal;font-weight:700\">&nbsp;&nbsp;&nbsp;&nbsp; La Chauss\u00e9e Romaine, celle que nous croisons depuis notre plus tendre enfance, m\u00e9ritait bien qu\u2019un jour on lui accorde la meilleure attention dans le contexte d\u2019un \u00ab&nbsp;Centre d\u2019Interpr\u00e9tation&nbsp;\u00bb.<\/p>\n\n\n\n<p class=\"has-text-color has-link-color has-medium-font-size wp-elements-995755b835dcbcf4c3b124fd8a7c5e7a\" style=\"color:#9c582e;font-style:normal;font-weight:700\">Son histoire, c\u2019est celle de nos villes et nos villages qui la c\u00f4toient, c\u2019est l\u2019histoire d\u2019une r\u00e9gion, c\u2019est l\u2019histoire d\u2019un pays.<\/p>\n\n\n\n<p class=\"has-text-color has-link-color has-medium-font-size wp-elements-029b62cd2f52ff95b131c64af7a30168\" style=\"color:#9c582e;font-style:normal;font-weight:700\">Responsable du premier grand d\u00e9frichement privil\u00e9giant et organisant le \u00ab&nbsp;d\u00e9placement&nbsp;\u00bb, elle reste \u00e0 la base des grands \u00e9changes commerciaux, l\u2019embryon de l\u2019essor \u00e9conomique aujourd\u2019hui possible gr\u00e2ce \u00e0 nos nombreux moyens de communication.&nbsp;<\/p>\n\n\n\n<p class=\"has-text-color has-link-color has-medium-font-size wp-elements-b2c443e3ca83c1683a51b8ac8ebeb67a\" style=\"color:#9c582e;font-style:normal;font-weight:700\">&nbsp;&nbsp;&nbsp;&nbsp; Une premi\u00e8re exposition pr\u00e9sente, en fait, la \u00ab&nbsp;table des mati\u00e8res&nbsp;\u00bb des grands th\u00e8mes qui seront d\u00e9velopp\u00e9s, plus largement, dans le Centre d\u2019Interpr\u00e9tation de la Chauss\u00e9e Romaine.<\/p>\n\n\n\n<p class=\"has-text-color has-link-color has-medium-font-size wp-elements-640019249b080261462eb68ef8e112aa\" style=\"color:#9c582e;font-style:normal;font-weight:700\">Un catalogue compl\u00e8te l\u2019exposition.<\/p>\n\n\n\n<p><\/p>\n","protected":false},"excerpt":{"rendered":"<p>BOULOGNE-BAVAY-TONGEREN-K\u00d6LN&nbsp; &nbsp;&nbsp;&nbsp;&nbsp; \u00ab&nbsp;Le Centre d\u2019Interpr\u00e9tation&nbsp;\u00bb est un milieu privil\u00e9gi\u00e9, un milieu th\u00e9matis\u00e9, un milieu d\u2019animation int\u00e9gr\u00e9, o\u00f9 sont rassembl\u00e9s en syst\u00e8me plusieurs moyens d\u2019interpr\u00e9tation permettant&hellip;<\/p>\n","protected":false},"author":1,"featured_media":0,"parent":89,"menu_order":4,"comment_status":"closed","ping_status":"closed","template":"","meta":{"footnotes":""},"class_list":["post-108","page","type-page","status-publish","hentry"],"_links":{"self":[{"href":"https:\/\/statioromana.org\/index.php\/wp-json\/wp\/v2\/pages\/108","targetHints":{"allow":["GET"]}}],"collection":[{"href":"https:\/\/statioromana.org\/index.php\/wp-json\/wp\/v2\/pages"}],"about":[{"href":"https:\/\/statioromana.org\/index.php\/wp-json\/wp\/v2\/types\/page"}],"author":[{"embeddable":true,"href":"https:\/\/statioromana.org\/index.php\/wp-json\/wp\/v2\/users\/1"}],"replies":[{"embeddable":true,"href":"https:\/\/statioromana.org\/index.php\/wp-json\/wp\/v2\/comments?post=108"}],"version-history":[{"count":7,"href":"https:\/\/statioromana.org\/index.php\/wp-json\/wp\/v2\/pages\/108\/revisions"}],"predecessor-version":[{"id":541,"href":"https:\/\/statioromana.org\/index.php\/wp-json\/wp\/v2\/pages\/108\/revisions\/541"}],"up":[{"embeddable":true,"href":"https:\/\/statioromana.org\/index.php\/wp-json\/wp\/v2\/pages\/89"}],"wp:attachment":[{"href":"https:\/\/statioromana.org\/index.php\/wp-json\/wp\/v2\/media?parent=108"}],"curies":[{"name":"wp","href":"https:\/\/api.w.org\/{rel}","templated":true}]}}