{"id":388,"date":"2024-07-20T14:34:20","date_gmt":"2024-07-20T12:34:20","guid":{"rendered":"https:\/\/statioromana.org\/?page_id=388"},"modified":"2024-07-24T21:59:42","modified_gmt":"2024-07-24T19:59:42","slug":"historique-du-musee","status":"publish","type":"page","link":"https:\/\/statioromana.org\/index.php\/historique-du-musee\/","title":{"rendered":"Historique du mus\u00e9e"},"content":{"rendered":"\n<p>L\u2019association Statio Romana, cr\u00e9\u00e9e en 1969 sous un autre nom (voir Qui sommes-nous&nbsp;?) pratique des fouilles arch\u00e9ologiques sur le <em>vicus<\/em> de Vodgoriacum depuis 1978.<\/p>\n\n\n\n<p>Ainsi, afin d\u2019assurer une mise en valeur s\u00e9rieuse du patrimoine, un petit mus\u00e9e provisoire, situ\u00e9 rue de Clerfayt \u00e0 Waudrez, \u00e9tait inaugur\u00e9, d\u00e8s mai 1980, par Philippe Dekegel devenant de la sorte conservateur.<\/p>\n\n\n\n<p>Ce premier espace, restreint, pr\u00e9sentait les quelques d\u00e9couvertes r\u00e9alis\u00e9es par Dominique de Gennaro, arch\u00e9ologue amateur, ainsi que le premi\u00e8res d\u00e9couvertes de l\u2019association.&nbsp;<\/p>\n\n\n\n<p>En 1980, L\u00e9on Durant, propri\u00e9taire d\u2019une exploitation \u00e0 Waudrez fait donation \u00e0 l\u2019association de la fermette du XIX<sup>\u00e8me<\/sup>&nbsp;si\u00e8cle situ\u00e9e sur la chauss\u00e9e. Elle est compos\u00e9e de plusieurs b\u00e2timents dans un \u00e9tat de d\u00e9labrement assez avanc\u00e9 mais id\u00e9alement situ\u00e9 en plein c\u0153ur du&nbsp;<em>vicus<\/em>&nbsp;de&nbsp;<em>Vodgoriacum au 14, Chauss\u00e9e Romaine \u00e0 Waudrez<\/em>.<\/p>\n\n\n\n<p>Progressivement et tr\u00e8s lentement, l\u2019association tributaire de moyens financiers, entreprend la restauration d\u2019une premi\u00e8re partie des b\u00e2timents. L\u2019\u00e9table est transform\u00e9e dans un premier temps en laboratoire de c\u00e9ramologie, permettant de prendre en charge ce mobilier arch\u00e9ologique abondant sur le site. Ensuite, c\u2019est au tour d\u2019un autre grand espace du rez de chauss\u00e9e qui est am\u00e9nag\u00e9.<\/p>\n\n\n\n<p>L\u2019inauguration officielle de la premi\u00e8re salle du mus\u00e9e a lieu le 9 mai 1987. Les nombreuses d\u00e9couvertes du site sont enfin mises \u00e0 disposition du public.<\/p>\n\n\n\n<div class=\"wp-block-columns is-layout-flex wp-container-core-columns-is-layout-9d6595d7 wp-block-columns-is-layout-flex\">\n<div class=\"wp-block-column is-layout-flow wp-block-column-is-layout-flow\">\n<figure class=\"wp-block-image size-large\"><img loading=\"lazy\" decoding=\"async\" width=\"1024\" height=\"762\" src=\"https:\/\/statioromana.org\/wp-content\/uploads\/2024\/07\/facademusee-1024x762.jpg\" alt=\"\" class=\"wp-image-442\" srcset=\"https:\/\/statioromana.org\/wp-content\/uploads\/2024\/07\/facademusee-1024x762.jpg 1024w, https:\/\/statioromana.org\/wp-content\/uploads\/2024\/07\/facademusee-300x223.jpg 300w, https:\/\/statioromana.org\/wp-content\/uploads\/2024\/07\/facademusee-768x572.jpg 768w, https:\/\/statioromana.org\/wp-content\/uploads\/2024\/07\/facademusee.jpg 1204w\" sizes=\"auto, (max-width: 1024px) 100vw, 1024px\" \/><\/figure>\n<\/div>\n\n\n\n<div class=\"wp-block-column is-layout-flow wp-block-column-is-layout-flow\">\n<figure class=\"wp-block-image size-full is-resized\"><img loading=\"lazy\" decoding=\"async\" width=\"218\" height=\"161\" src=\"https:\/\/statioromana.org\/wp-content\/uploads\/2024\/07\/interieurmusee.jpg\" alt=\"\" class=\"wp-image-443\" style=\"width:402px;height:auto\"\/><\/figure>\n<\/div>\n<\/div>\n\n\n\n<p class=\"has-text-align-center\"><em>9 mai 1987&nbsp;: Inauguration du Mus\u00e9e<\/em><\/p>\n\n\n\n<p>En 1990, suite au d\u00e9c\u00e8s de L\u00e9on Durant, g\u00e9n\u00e9reux donateur, l\u2019association devient propri\u00e9taire de l\u2019enti\u00e8ret\u00e9 des b\u00e2timents et peut envisager une restructuration de ceux-ci&nbsp;: agrandissement du mus\u00e9e et structure d\u2019accueil, partie administrative, d\u00e9placement du laboratoire et cr\u00e9ation d\u2019un centre de documentation.<\/p>\n\n\n\n<p>Le mus\u00e9e est alors con\u00e7u tant pour l\u2019accueil de groupes scolaires ou divers que les particuliers et familles. Il est am\u00e9nag\u00e9 de plain-pied, notamment pour faciliter l\u2019acc\u00e8s aux personnes \u00e0 mobilit\u00e9 r\u00e9duites.<\/p>\n\n\n\n<p>D\u2019autres espaces compl\u00e8tent enfin l\u2019ensemble : un espace ludique, une salle polyvalente permettant la tenue de r\u00e9unions, de conf\u00e9rences, des journ\u00e9es d\u2019\u00e9tude peuvent m\u00eame y \u00eatre envisag\u00e9es vu les possibilit\u00e9s de restauration sur place.<\/p>\n","protected":false},"excerpt":{"rendered":"<p>L\u2019association Statio Romana, cr\u00e9\u00e9e en 1969 sous un autre nom (voir Qui sommes-nous&nbsp;?) pratique des fouilles arch\u00e9ologiques sur le vicus de Vodgoriacum depuis 1978. Ainsi,&hellip;<\/p>\n","protected":false},"author":1,"featured_media":0,"parent":0,"menu_order":0,"comment_status":"closed","ping_status":"closed","template":"","meta":{"footnotes":""},"class_list":["post-388","page","type-page","status-publish","hentry"],"_links":{"self":[{"href":"https:\/\/statioromana.org\/index.php\/wp-json\/wp\/v2\/pages\/388","targetHints":{"allow":["GET"]}}],"collection":[{"href":"https:\/\/statioromana.org\/index.php\/wp-json\/wp\/v2\/pages"}],"about":[{"href":"https:\/\/statioromana.org\/index.php\/wp-json\/wp\/v2\/types\/page"}],"author":[{"embeddable":true,"href":"https:\/\/statioromana.org\/index.php\/wp-json\/wp\/v2\/users\/1"}],"replies":[{"embeddable":true,"href":"https:\/\/statioromana.org\/index.php\/wp-json\/wp\/v2\/comments?post=388"}],"version-history":[{"count":3,"href":"https:\/\/statioromana.org\/index.php\/wp-json\/wp\/v2\/pages\/388\/revisions"}],"predecessor-version":[{"id":444,"href":"https:\/\/statioromana.org\/index.php\/wp-json\/wp\/v2\/pages\/388\/revisions\/444"}],"wp:attachment":[{"href":"https:\/\/statioromana.org\/index.php\/wp-json\/wp\/v2\/media?parent=388"}],"curies":[{"name":"wp","href":"https:\/\/api.w.org\/{rel}","templated":true}]}}