{"id":465,"date":"2024-08-06T10:00:35","date_gmt":"2024-08-06T08:00:35","guid":{"rendered":"https:\/\/statioromana.org\/?page_id=465"},"modified":"2024-08-06T10:00:36","modified_gmt":"2024-08-06T08:00:36","slug":"juillet-2024","status":"publish","type":"page","link":"https:\/\/statioromana.org\/index.php\/juillet-2024\/","title":{"rendered":"Juillet 2024"},"content":{"rendered":"\n<p><strong>L\u2019objet de Juillet 2024<\/strong><\/p>\n\n\n\n<p>\ud835\udddc\ud835\uddfb\ud835\ude01\ud835\uddee\ud835\uddf6\ud835\uddf9\ud835\uddf9\ud835\uddf2 \ud835\uddf2\ud835\uddfb \ud835\uddf0\ud835\uddfc\ud835\uddff\ud835\uddfb\ud835\uddee\ud835\uddf9\ud835\uddf6\ud835\uddfb\ud835\uddf2<\/p>\n\n\n\n<figure class=\"wp-block-image\"><img loading=\"lazy\" decoding=\"async\" width=\"809\" height=\"1024\" src=\"https:\/\/statioromana.org\/wp-content\/uploads\/2024\/07\/intaille-809x1024.jpg\" alt=\"\" class=\"wp-image-321\" srcset=\"https:\/\/statioromana.org\/wp-content\/uploads\/2024\/07\/intaille-809x1024.jpg 809w, https:\/\/statioromana.org\/wp-content\/uploads\/2024\/07\/intaille-237x300.jpg 237w, https:\/\/statioromana.org\/wp-content\/uploads\/2024\/07\/intaille-768x972.jpg 768w, https:\/\/statioromana.org\/wp-content\/uploads\/2024\/07\/intaille-1086x1374.jpg 1086w, https:\/\/statioromana.org\/wp-content\/uploads\/2024\/07\/intaille.jpg 1141w\" sizes=\"auto, (max-width: 809px) 100vw, 809px\" \/><\/figure>\n\n\n\n<p>Cette belle pierre semi-pr\u00e9cieuse et grav\u00e9e d\u2019un personnage masculin a \u00e9t\u00e9 trouv\u00e9e lors de la fouille de la cave romaine en 1985 sur le site de \ud835\udde9\ud835\uddfc\ud835\uddf1\ud835\uddf4\ud835\uddfc\ud835\uddff\ud835\uddf6\ud835\uddee\ud835\uddf0\ud835\ude02\ud835\uddfa.<\/p>\n\n\n\n<p>Si&nbsp;<a><\/a>ce petit objet ovale (1,60\u00d71,27 cm) nous est arriv\u00e9 intact, il \u00e9tait destin\u00e9, \u00e0 l\u2019origine, \u00e0 \u00eatre ench\u00e2ss\u00e9 dans une bague pour servir soit de bijou soit de cachet.<\/p>\n\n\n\n<p>Le personnage, un homme courb\u00e9, tourn\u00e9 vers la gauche est accompagn\u00e9 de plusieurs \u00e9l\u00e9ments d\u2019armement : casque, bouclier, lance\u2026<\/p>\n\n\n\n<p>Les \u00e9tudes men\u00e9es \u00e0 son sujet ont montr\u00e9 que sa pose et son attirail n\u2019ont pas de comparaison dans les catalogues d\u2019intailles antiques ce qui a amen\u00e9 \u00e0 plusieurs interpr\u00e9tations : gladiateur ou guerrier ?<\/p>\n\n\n\n<p>Savez-vous que la cornaline (calc\u00e9doine translucide) pr\u00e9sente des nuances allant du jaune au rouge fonc\u00e9 et provient d\u2019Inde ? Elle est tr\u00e8s utilis\u00e9e durant toute la p\u00e9riode romaine mais d\u00e9j\u00e0 bien avant.<\/p>\n\n\n\n<p>D\u2019autres intailles en cornaline ou en p\u00e2te de verre, parfois encore mont\u00e9es en bague ont \u00e9t\u00e9 mise au jour sur le site du \ud835\udde9\ud835\uddfc\ud835\uddf1\ud835\uddf4\ud835\uddfc\ud835\uddff\ud835\uddf6\ud835\uddee\ud835\uddf0\ud835\ude02\ud835\uddfa et sont pr\u00e9sent\u00e9es dans les vitrines du mus\u00e9e.<\/p>\n\n\n\n<p>(C. Ansieau)<\/p>\n\n\n\n<p>N\u2019h\u00e9sitez pas \u00e0 venir les admirer et en savoir plus dans les vitrines du \ud835\udde0\ud835\ude02\ud835\ude00\ud835\uddf2\u0301\ud835\uddf2 \ud835\uddf4\ud835\uddee\ud835\uddf9\ud835\uddf9\ud835\uddfc-\ud835\uddff\ud835\uddfc\ud835\uddfa\ud835\uddee\ud835\uddf6\ud835\uddfb \ud835\uddf1\ud835\uddf2 \ud835\uddea\ud835\uddee\ud835\ude02\ud835\uddf1\ud835\uddff\ud835\uddf2\ud835\ude07.<\/p>\n\n\n\n<p>R\u00e9f. : G\u00e9rard P.-B, 2014, \ud835\ude0b\ud835\ude26\ud835\ude36\ud835\ude39 \ud835\ude2a\ud835\ude2f\ud835\ude35\ud835\ude22\ud835\ude2a\ud835\ude2d\ud835\ude2d\ud835\ude26\ud835\ude34 \ud835\ude25\ud835\ude26\u0301\ud835\ude24\ud835\ude30\ud835\ude36\ud835\ude37\ud835\ude26\ud835\ude33\ud835\ude35\ud835\ude26\ud835\ude34 \ud835\ude34\ud835\ude36\ud835\ude33 \ud835\ude2d\ud835\ude26 \ud835\ude34\ud835\ude2a\ud835\ude35\ud835\ude26 \ud835\ude25\ud835\ude26 \ud835\ude1d\ud835\ude30\ud835\ude25\ud835\ude28\ud835\ude30\ud835\ude33\ud835\ude2a\ud835\ude22\ud835\ude24\ud835\ude36\ud835\ude2e \ud835\ude1e\ud835\ude22\ud835\ude36\ud835\ude25\ud835\ude33\ud835\ude26\ud835\ude3b, \ud835\ude15\ud835\ude30\ud835\ude35\ud835\ude2a\ud835\ude24\ud835\ude26 \ud835\ude22\ud835\ude2f\ud835\ude22\ud835\ude2d\ud835\ude3a\ud835\ude35\ud835\ude2a\ud835\ude32\ud835\ude36\ud835\ude26 \ud835\ude25\u2019\ud835\ude30\ud835\ude23\ud835\ude2b\ud835\ude26\ud835\ude35\ud835\ude34 \ud835\ude22\ud835\ude33\ud835\ude24\ud835\ude29\ud835\ude26\u0301\ud835\ude30\ud835\ude2d\ud835\ude30\ud835\ude28\ud835\ude2a\ud835\ude32\ud835\ude36\ud835\ude26\ud835\ude34, Waudrez.<\/p>\n","protected":false},"excerpt":{"rendered":"<p>L\u2019objet de Juillet 2024 \ud835\udddc\ud835\uddfb\ud835\ude01\ud835\uddee\ud835\uddf6\ud835\uddf9\ud835\uddf9\ud835\uddf2 \ud835\uddf2\ud835\uddfb \ud835\uddf0\ud835\uddfc\ud835\uddff\ud835\uddfb\ud835\uddee\ud835\uddf9\ud835\uddf6\ud835\uddfb\ud835\uddf2 Cette belle pierre semi-pr\u00e9cieuse et grav\u00e9e d\u2019un personnage masculin a \u00e9t\u00e9 trouv\u00e9e lors de la fouille de la&hellip;<\/p>\n","protected":false},"author":1,"featured_media":0,"parent":0,"menu_order":0,"comment_status":"closed","ping_status":"closed","template":"","meta":{"footnotes":""},"class_list":["post-465","page","type-page","status-publish","hentry"],"_links":{"self":[{"href":"https:\/\/statioromana.org\/index.php\/wp-json\/wp\/v2\/pages\/465","targetHints":{"allow":["GET"]}}],"collection":[{"href":"https:\/\/statioromana.org\/index.php\/wp-json\/wp\/v2\/pages"}],"about":[{"href":"https:\/\/statioromana.org\/index.php\/wp-json\/wp\/v2\/types\/page"}],"author":[{"embeddable":true,"href":"https:\/\/statioromana.org\/index.php\/wp-json\/wp\/v2\/users\/1"}],"replies":[{"embeddable":true,"href":"https:\/\/statioromana.org\/index.php\/wp-json\/wp\/v2\/comments?post=465"}],"version-history":[{"count":1,"href":"https:\/\/statioromana.org\/index.php\/wp-json\/wp\/v2\/pages\/465\/revisions"}],"predecessor-version":[{"id":467,"href":"https:\/\/statioromana.org\/index.php\/wp-json\/wp\/v2\/pages\/465\/revisions\/467"}],"wp:attachment":[{"href":"https:\/\/statioromana.org\/index.php\/wp-json\/wp\/v2\/media?parent=465"}],"curies":[{"name":"wp","href":"https:\/\/api.w.org\/{rel}","templated":true}]}}