{"id":584,"date":"2025-02-21T10:22:45","date_gmt":"2025-02-21T09:22:45","guid":{"rendered":"https:\/\/statioromana.org\/?page_id=584"},"modified":"2026-05-01T14:36:35","modified_gmt":"2026-05-01T12:36:35","slug":"fevrier-2025","status":"publish","type":"page","link":"https:\/\/statioromana.org\/index.php\/fevrier-2025\/","title":{"rendered":"Gobelet en c\u00e9ramique fine"},"content":{"rendered":"\n<p class=\"has-text-color has-link-color wp-elements-001551e392f31fb9cc049a4bc66bb956\" style=\"color:#ab6106\">L&rsquo;objet du mois : F\u00e9vrier 2025 <\/p>\n\n\n\n<p class=\"has-text-color has-link-color wp-elements-b2a26e1b5370383cee8f7140c15a61f2\" style=\"color:#ab6106\"><strong>Gobelet en c\u00e9ramique fine<\/strong><br><\/p>\n\n\n<div class=\"wp-block-image\">\n<figure class=\"aligncenter size-large is-resized\"><img loading=\"lazy\" decoding=\"async\" width=\"841\" height=\"1024\" src=\"https:\/\/statioromana.org\/wp-content\/uploads\/2025\/02\/Gobelet-841x1024.jpg\" alt=\"\" class=\"wp-image-585\" style=\"width:362px;height:auto\" srcset=\"https:\/\/statioromana.org\/wp-content\/uploads\/2025\/02\/Gobelet-841x1024.jpg 841w, https:\/\/statioromana.org\/wp-content\/uploads\/2025\/02\/Gobelet-246x300.jpg 246w, https:\/\/statioromana.org\/wp-content\/uploads\/2025\/02\/Gobelet-768x935.jpg 768w, https:\/\/statioromana.org\/wp-content\/uploads\/2025\/02\/Gobelet-1261x1536.jpg 1261w, https:\/\/statioromana.org\/wp-content\/uploads\/2025\/02\/Gobelet-1681x2048.jpg 1681w\" sizes=\"auto, (max-width: 841px) 100vw, 841px\" \/><\/figure>\n<\/div>\n\n\n<p class=\"has-text-color has-link-color has-medium-font-size wp-elements-cf1633cb725c5f2a84ecb08f0341f463\" style=\"color:#ab6106\">&nbsp;<strong>Le mois de f\u00e9vrier commence par la Chandeleur, puis se poursuit avec la Saint-Valentin&#8230;&nbsp;<\/strong><\/p>\n\n\n\n<p class=\"has-text-color has-link-color has-medium-font-size wp-elements-3be4b044a549ccc36105f35b7fcab828\" style=\"color:#ab6106\"><strong>Au mus\u00e9e gallo-romain, on pr\u00e9f\u00e8re parler de la tourn\u00e9e min\u00e9rale en vous pr\u00e9sentant un des nombreux gobelets pr\u00e9sents dans nos vitrines.&nbsp;&nbsp;Ce gobelet presque en forme de tonnelet, plus large en bas qu\u2019en haut, tient sur un petit pied circulaire. Il est presque (arch\u00e9ologiquement) complet en effet il manque la l\u00e8vre sup\u00e9rieure; il fait 13 cm de haut. Ses parois sont relativement fines, soulign\u00e9es par deux \u00e9troites bandes de guillochis horizontales et d\u2019un d\u00e9cor \u00e0 champlev\u00e9 (par enl\u00e8vement de mati\u00e8re) \u00e9voquant des v\u00e9g\u00e9taux stylis\u00e9s (?) r\u00e9p\u00e9t\u00e9 \u00e0 plusieurs reprises sur la panse.<\/strong><\/p>\n\n\n\n<p class=\"has-text-color has-link-color has-medium-font-size wp-elements-c0b65c49a7b9f913936eed5562a82a5e\" style=\"color:#ab6106\"><strong>\u00c0 l\u2019origine, il devait \u00eatre de couleur uniforme mais son passage au feu apr\u00e8s avoir \u00e9t\u00e9 cass\u00e9 montre deux couleurs se juxtaposant apr\u00e8s collage. Ce r\u00e9cipient dont la forme est peu commune a \u00e9t\u00e9 mis au jour dans la cave fouill\u00e9e en 1985-1986 qui semble avoir subi une destruction par incendie. L\u2019objet doit encore \u00eatre \u00e9tudi\u00e9 en d\u00e9tail.<\/strong><\/p>\n\n\n\n<p class=\"has-text-color has-link-color has-medium-font-size wp-elements-ede13c82bf82d386713c1d87fafa5a25\" style=\"color:#ab6106\"><strong>En attendant, il a \u00e9t\u00e9 s\u00e9lectionn\u00e9 avec d\u2019autres, issus de notre mus\u00e9e, pour apparaitre dans une vitrine d\u2019exposition temporaire ailleurs en Hainaut.Vous en saurez bient\u00f4t plus \u00e0 ce sujet&#8230;<\/strong><\/p>\n\n\n\n<p><\/p>\n","protected":false},"excerpt":{"rendered":"<p>L&rsquo;objet du mois : F\u00e9vrier 2025 Gobelet en c\u00e9ramique fine &nbsp;Le mois de f\u00e9vrier commence par la Chandeleur, puis se poursuit avec la Saint-Valentin&#8230;&nbsp; Au&hellip;<\/p>\n","protected":false},"author":1,"featured_media":0,"parent":0,"menu_order":0,"comment_status":"closed","ping_status":"closed","template":"","meta":{"footnotes":""},"class_list":["post-584","page","type-page","status-publish","hentry"],"_links":{"self":[{"href":"https:\/\/statioromana.org\/index.php\/wp-json\/wp\/v2\/pages\/584","targetHints":{"allow":["GET"]}}],"collection":[{"href":"https:\/\/statioromana.org\/index.php\/wp-json\/wp\/v2\/pages"}],"about":[{"href":"https:\/\/statioromana.org\/index.php\/wp-json\/wp\/v2\/types\/page"}],"author":[{"embeddable":true,"href":"https:\/\/statioromana.org\/index.php\/wp-json\/wp\/v2\/users\/1"}],"replies":[{"embeddable":true,"href":"https:\/\/statioromana.org\/index.php\/wp-json\/wp\/v2\/comments?post=584"}],"version-history":[{"count":3,"href":"https:\/\/statioromana.org\/index.php\/wp-json\/wp\/v2\/pages\/584\/revisions"}],"predecessor-version":[{"id":846,"href":"https:\/\/statioromana.org\/index.php\/wp-json\/wp\/v2\/pages\/584\/revisions\/846"}],"wp:attachment":[{"href":"https:\/\/statioromana.org\/index.php\/wp-json\/wp\/v2\/media?parent=584"}],"curies":[{"name":"wp","href":"https:\/\/api.w.org\/{rel}","templated":true}]}}

Gobelet en céramique fine

<p class="has-text-color has-link-color wp-elements-001551e392f31fb9cc049a4bc66bb956" style="color:#ab6106">L&rsquo;objet du mois : Février 2025 </p>



<p class="has-text-color has-link-color wp-elements-b2a26e1b5370383cee8f7140c15a61f2" style="color:#ab6106"><strong>Gobelet en céramique fine</strong><br></p>


<div class="wp-block-image">
<figure class="aligncenter size-large is-resized"><img loading="lazy" decoding="async" width="841" height="1024" src="https://statioromana.org/wp-content/uploads/2025/02/Gobelet-841x1024.jpg" alt="" class="wp-image-585" style="width:362px;height:auto" srcset="https://statioromana.org/wp-content/uploads/2025/02/Gobelet-841x1024.jpg 841w, https://statioromana.org/wp-content/uploads/2025/02/Gobelet-246x300.jpg 246w, https://statioromana.org/wp-content/uploads/2025/02/Gobelet-768x935.jpg 768w, https://statioromana.org/wp-content/uploads/2025/02/Gobelet-1261x1536.jpg 1261w, https://statioromana.org/wp-content/uploads/2025/02/Gobelet-1681x2048.jpg 1681w" sizes="auto, (max-width: 841px) 100vw, 841px" /></figure>
</div>


<p class="has-text-color has-link-color has-medium-font-size wp-elements-cf1633cb725c5f2a84ecb08f0341f463" style="color:#ab6106">&nbsp;<strong>Le mois de février commence par la Chandeleur, puis se poursuit avec la Saint-Valentin&#8230;&nbsp;</strong></p>



<p class="has-text-color has-link-color has-medium-font-size wp-elements-3be4b044a549ccc36105f35b7fcab828" style="color:#ab6106"><strong>Au musée gallo-romain, on préfère parler de la tournée minérale en vous présentant un des nombreux gobelets présents dans nos vitrines.&nbsp;&nbsp;Ce gobelet presque en forme de tonnelet, plus large en bas qu’en haut, tient sur un petit pied circulaire. Il est presque (archéologiquement) complet en effet il manque la lèvre supérieure; il fait 13 cm de haut. Ses parois sont relativement fines, soulignées par deux étroites bandes de guillochis horizontales et d’un décor à champlevé (par enlèvement de matière) évoquant des végétaux stylisés (?) répété à plusieurs reprises sur la panse.</strong></p>



<p class="has-text-color has-link-color has-medium-font-size wp-elements-c0b65c49a7b9f913936eed5562a82a5e" style="color:#ab6106"><strong>À l’origine, il devait être de couleur uniforme mais son passage au feu après avoir été cassé montre deux couleurs se juxtaposant après collage. Ce récipient dont la forme est peu commune a été mis au jour dans la cave fouillée en 1985-1986 qui semble avoir subi une destruction par incendie. L’objet doit encore être étudié en détail.</strong></p>



<p class="has-text-color has-link-color has-medium-font-size wp-elements-ede13c82bf82d386713c1d87fafa5a25" style="color:#ab6106"><strong>En attendant, il a été sélectionné avec d’autres, issus de notre musée, pour apparaitre dans une vitrine d’exposition temporaire ailleurs en Hainaut.Vous en saurez bientôt plus à ce sujet&#8230;</strong></p>



<p></p>

<p>L&rsquo;objet du mois : Février 2025 Gobelet en céramique fine &nbsp;Le mois de février commence par la Chandeleur, puis se poursuit avec la Saint-Valentin&#8230;&nbsp; Au&hellip;</p>
