{"id":778,"date":"2026-04-29T23:53:37","date_gmt":"2026-04-29T21:53:37","guid":{"rendered":"https:\/\/statioromana.org\/?page_id=778"},"modified":"2026-04-29T23:58:24","modified_gmt":"2026-04-29T21:58:24","slug":"archives","status":"publish","type":"page","link":"https:\/\/statioromana.org\/index.php\/archives\/","title":{"rendered":"News Archives"},"content":{"rendered":"<div class=\"wp-block-image\">\n<figure class=\"aligncenter size-large\"><img loading=\"lazy\" decoding=\"async\" width=\"713\" height=\"1024\" src=\"https:\/\/statioromana.org\/wp-content\/uploads\/2025\/08\/image-713x1024.png\" alt=\"\" class=\"wp-image-670\" srcset=\"https:\/\/statioromana.org\/wp-content\/uploads\/2025\/08\/image-713x1024.png 713w, https:\/\/statioromana.org\/wp-content\/uploads\/2025\/08\/image-209x300.png 209w, https:\/\/statioromana.org\/wp-content\/uploads\/2025\/08\/image-768x1103.png 768w, https:\/\/statioromana.org\/wp-content\/uploads\/2025\/08\/image-1070x1536.png 1070w, https:\/\/statioromana.org\/wp-content\/uploads\/2025\/08\/image.png 1426w\" sizes=\"auto, (max-width: 713px) 100vw, 713px\" \/><\/figure>\n<\/div>\n\n<div class=\"wp-block-image\">\n<figure class=\"aligncenter size-large is-resized\"><img loading=\"lazy\" decoding=\"async\" width=\"484\" height=\"1024\" src=\"https:\/\/statioromana.org\/wp-content\/uploads\/2025\/08\/image-1-484x1024.png\" alt=\"\" class=\"wp-image-672\" style=\"width:641px;height:auto\" srcset=\"https:\/\/statioromana.org\/wp-content\/uploads\/2025\/08\/image-1-484x1024.png 484w, https:\/\/statioromana.org\/wp-content\/uploads\/2025\/08\/image-1-142x300.png 142w, https:\/\/statioromana.org\/wp-content\/uploads\/2025\/08\/image-1-768x1626.png 768w, https:\/\/statioromana.org\/wp-content\/uploads\/2025\/08\/image-1-726x1536.png 726w, https:\/\/statioromana.org\/wp-content\/uploads\/2025\/08\/image-1-967x2048.png 967w, https:\/\/statioromana.org\/wp-content\/uploads\/2025\/08\/image-1.png 976w\" sizes=\"auto, (max-width: 484px) 100vw, 484px\" \/><\/figure>\n<\/div>\n\n<div class=\"wp-block-image\">\n<figure class=\"aligncenter size-full is-resized\"><img loading=\"lazy\" decoding=\"async\" width=\"806\" height=\"345\" src=\"https:\/\/statioromana.org\/wp-content\/uploads\/2025\/07\/image-1.png\" alt=\"\" class=\"wp-image-660\" style=\"width:840px;height:auto\" srcset=\"https:\/\/statioromana.org\/wp-content\/uploads\/2025\/07\/image-1.png 806w, https:\/\/statioromana.org\/wp-content\/uploads\/2025\/07\/image-1-300x128.png 300w, https:\/\/statioromana.org\/wp-content\/uploads\/2025\/07\/image-1-768x329.png 768w\" sizes=\"auto, (max-width: 806px) 100vw, 806px\" \/><\/figure>\n<\/div>\n\n<div class=\"wp-block-image\">\n<figure class=\"aligncenter size-large\"><img loading=\"lazy\" decoding=\"async\" width=\"724\" height=\"1024\" src=\"https:\/\/statioromana.org\/wp-content\/uploads\/2025\/06\/image-3-724x1024.png\" alt=\"\" class=\"wp-image-648\" srcset=\"https:\/\/statioromana.org\/wp-content\/uploads\/2025\/06\/image-3-724x1024.png 724w, https:\/\/statioromana.org\/wp-content\/uploads\/2025\/06\/image-3-212x300.png 212w, https:\/\/statioromana.org\/wp-content\/uploads\/2025\/06\/image-3-768x1087.png 768w, https:\/\/statioromana.org\/wp-content\/uploads\/2025\/06\/image-3-1085x1536.png 1085w, https:\/\/statioromana.org\/wp-content\/uploads\/2025\/06\/image-3.png 1447w\" sizes=\"auto, (max-width: 724px) 100vw, 724px\" \/><\/figure>\n<\/div>\n\n\n<p class=\"has-medium-font-size\">Ce dimanche 29 juin, le mus\u00e9e gallo-romain de Waudrez de m\u00eame que l&rsquo;exposition temporaire seront ouverts de 8h30 \u00e0 18h00.<\/p>\n\n\n\n<p class=\"has-medium-font-size\">&nbsp;Une fois n&rsquo;est pas coutume, l&rsquo;endroit sera id\u00e9al pour regarder passer le championnat de Belgique de cyclisme qui empruntera \u00e0 plusieurs reprises la chauss\u00e9e romaine, en compagnie de soldats romains!<\/p>\n\n\n\n<figure class=\"wp-block-image is-resized\"><img decoding=\"async\" src=\"https:\/\/static.xx.fbcdn.net\/images\/emoji.php\/v9\/tdc\/1\/16\/26a0.png\" alt=\"\u26a0\ufe0f\" style=\"width:35px;height:auto\"\/><\/figure>\n\n\n\n<p class=\"has-medium-font-size\">&nbsp;Pour des raison \u00e9videntes, la route sera interdite aux voitures, le stationnement pourra se faire du c\u00f4t\u00e9 de la route de Mons (rond-point) et du c\u00f4t\u00e9 de la rue de la Princesse (c\u00f4t\u00e9 rue de l&rsquo;Abattoir)<\/p>\n\n\n\n<p class=\"has-medium-font-size\">On vous attend nombreux<\/p>\n\n\n<div class=\"wp-block-image\">\n<figure class=\"aligncenter size-full\"><img loading=\"lazy\" decoding=\"async\" width=\"573\" height=\"814\" src=\"https:\/\/statioromana.org\/wp-content\/uploads\/2025\/06\/image.png\" alt=\"\" class=\"wp-image-642\" srcset=\"https:\/\/statioromana.org\/wp-content\/uploads\/2025\/06\/image.png 573w, https:\/\/statioromana.org\/wp-content\/uploads\/2025\/06\/image-211x300.png 211w\" sizes=\"auto, (max-width: 573px) 100vw, 573px\" \/><\/figure>\n<\/div>\n\n<div class=\"wp-block-image\">\n<figure class=\"aligncenter size-large\"><img loading=\"lazy\" decoding=\"async\" width=\"713\" height=\"1024\" src=\"https:\/\/statioromana.org\/wp-content\/uploads\/2025\/04\/tousleschemins-713x1024.jpg\" alt=\"\" class=\"wp-image-621\" srcset=\"https:\/\/statioromana.org\/wp-content\/uploads\/2025\/04\/tousleschemins-713x1024.jpg 713w, https:\/\/statioromana.org\/wp-content\/uploads\/2025\/04\/tousleschemins-209x300.jpg 209w, https:\/\/statioromana.org\/wp-content\/uploads\/2025\/04\/tousleschemins-768x1103.jpg 768w, https:\/\/statioromana.org\/wp-content\/uploads\/2025\/04\/tousleschemins-1070x1536.jpg 1070w, https:\/\/statioromana.org\/wp-content\/uploads\/2025\/04\/tousleschemins.jpg 1080w\" sizes=\"auto, (max-width: 713px) 100vw, 713px\" \/><\/figure>\n<\/div>\n\n\n<p class=\"has-white-background-color has-background has-large-font-size\" style=\"text-decoration:underline\"><strong>Quelque chose se pr\u00e9pare au mus\u00e9e<\/strong><\/p>\n\n\n\n<div class=\"wp-block-columns is-layout-flex wp-container-core-columns-is-layout-9d6595d7 wp-block-columns-is-layout-flex\">\n<div class=\"wp-block-column is-layout-flow wp-block-column-is-layout-flow\"><div class=\"wp-block-image\">\n<figure class=\"aligncenter size-large\"><img loading=\"lazy\" decoding=\"async\" width=\"1024\" height=\"634\" src=\"https:\/\/statioromana.org\/wp-content\/uploads\/2025\/03\/montage-2-1024x634.jpg\" alt=\"\" class=\"wp-image-617\" srcset=\"https:\/\/statioromana.org\/wp-content\/uploads\/2025\/03\/montage-2-1024x634.jpg 1024w, https:\/\/statioromana.org\/wp-content\/uploads\/2025\/03\/montage-2-300x186.jpg 300w, https:\/\/statioromana.org\/wp-content\/uploads\/2025\/03\/montage-2-768x475.jpg 768w, https:\/\/statioromana.org\/wp-content\/uploads\/2025\/03\/montage-2.jpg 1149w\" sizes=\"auto, (max-width: 1024px) 100vw, 1024px\" \/><\/figure>\n<\/div>\n\n\n<figure class=\"wp-block-image size-large\"><img loading=\"lazy\" decoding=\"async\" width=\"1024\" height=\"473\" src=\"https:\/\/statioromana.org\/wp-content\/uploads\/2025\/03\/montage-1-1-1024x473.jpg\" alt=\"\" class=\"wp-image-619\" srcset=\"https:\/\/statioromana.org\/wp-content\/uploads\/2025\/03\/montage-1-1-1024x473.jpg 1024w, https:\/\/statioromana.org\/wp-content\/uploads\/2025\/03\/montage-1-1-300x139.jpg 300w, https:\/\/statioromana.org\/wp-content\/uploads\/2025\/03\/montage-1-1-768x355.jpg 768w, https:\/\/statioromana.org\/wp-content\/uploads\/2025\/03\/montage-1-1-1536x709.jpg 1536w, https:\/\/statioromana.org\/wp-content\/uploads\/2025\/03\/montage-1-1-2048x946.jpg 2048w\" sizes=\"auto, (max-width: 1024px) 100vw, 1024px\" \/><\/figure>\n<\/div>\n<\/div>\n\n\n\n<p class=\"has-text-align-center has-white-background-color has-background has-medium-font-size\">N&rsquo;h\u00e9sitez pas \u00e0 visiter l&rsquo;expo sur la bi\u00e8re chez nos amis :<\/p>\n\n\n<div class=\"wp-block-image\">\n<figure class=\"aligncenter size-full\"><img loading=\"lazy\" decoding=\"async\" width=\"597\" height=\"842\" src=\"https:\/\/statioromana.org\/wp-content\/uploads\/2025\/03\/image-1.png\" alt=\"\" class=\"wp-image-597\" srcset=\"https:\/\/statioromana.org\/wp-content\/uploads\/2025\/03\/image-1.png 597w, https:\/\/statioromana.org\/wp-content\/uploads\/2025\/03\/image-1-213x300.png 213w\" sizes=\"auto, (max-width: 597px) 100vw, 597px\" \/><\/figure>\n<\/div>\n\n\n<p><\/p>\n\n\n\n<p class=\"has-text-align-center has-x-large-font-size\"><img loading=\"lazy\" decoding=\"async\" width=\"500\" height=\"473\" class=\"wp-image-564\" style=\"width: 500px;\" src=\"http:\/\/statioromana.org\/wp-content\/uploads\/2025\/01\/2025.gif\" alt=\"\"><\/p>\n\n\n\n<p class=\"has-x-large-font-size\"><img loading=\"lazy\" decoding=\"async\" height=\"16\" width=\"16\" src=\"https:\/\/static.xx.fbcdn.net\/images\/emoji.php\/v9\/t4a\/2\/16\/1faa3.png\" alt=\"\ud83e\udea3\"> Animation \u00ab\u00a0D\u00e9couverte de l&rsquo;arch\u00e9ologie\u00a0\u00bb<img loading=\"lazy\" decoding=\"async\" height=\"16\" width=\"16\" src=\"https:\/\/static.xx.fbcdn.net\/images\/emoji.php\/v9\/te5\/2\/16\/1f3fa.png\" alt=\"\ud83c\udffa\"><img loading=\"lazy\" decoding=\"async\" height=\"16\" width=\"16\" src=\"https:\/\/static.xx.fbcdn.net\/images\/emoji.php\/v9\/tcb\/2\/16\/1f477.png\" alt=\"\ud83d\udc77\"><\/p>\n\n\n\n<p class=\"has-medium-font-size\">Comme lors de chaque F\u00eate Romaine, le mus\u00e9e gallo-romain de Waudrez propose  aux enfants un atelier d\u00e9couverte \u00e0 l&rsquo;arch\u00e9ologie ce dimanche 8 septembre.<\/p>\n\n\n\n<p class=\"has-medium-font-size\">D\u00e9couvrir un objet, comprendre pourquoi, comment et en apprendre plus sur cet objet, c&rsquo;est ce que nous proposons avec cette animation.<\/p>\n\n\n\n<p class=\"has-medium-font-size\">Vous pouvez d&rsquo;ores-et-d\u00e9j\u00e0 vous inscrire par Messenger, ou en t\u00e9l\u00e9phonant au mus\u00e9e au 064\/33.95.50 ou encore en arrivant au mus\u00e9e ce dimanche <img loading=\"lazy\" decoding=\"async\" height=\"16\" width=\"16\" src=\"https:\/\/static.xx.fbcdn.net\/images\/emoji.php\/v9\/tf6\/2\/16\/1f609.png\" alt=\"\ud83d\ude09\"><\/p>\n\n\n\n<p class=\"has-medium-font-size\">Et qui sait, faire na\u00eetre une passion&#8230;<img loading=\"lazy\" decoding=\"async\" height=\"16\" width=\"16\" alt=\"\ud83e\udd29\" src=\"https:\/\/static.xx.fbcdn.net\/images\/emoji.php\/v9\/tf7\/2\/16\/1f929.png\"><\/p>\n\n\n\n<p class=\"has-x-large-font-size\">Animation \u00ab Touchez les objets gallo-romains !\u00bb<\/p>\n\n\n\n<p class=\"has-medium-font-size\"> Cette ann\u00e9e, les Journ\u00e9es du Patrimoine en Wallonie invitent \u00e0 la d\u00e9couverte tous les publics et plus particuli\u00e8rement les personnes \u00e0 besoins sp\u00e9cifiques.<\/p>\n\n\n\n<p class=\"has-medium-font-size\"> Le mus\u00e9e gallo-romain de Waudrez a choisi d\u2019organiser des animations adapt\u00e9es aux personnes malvoyantes, les samedi 7 et dimanche 8 septembre \u00e0 11h, 13h30 et 15h30.<\/p>\n\n\n\n<p class=\"has-medium-font-size\"> Tous les inscrits aux animations pourront toucher de vrais objets gallo-romains ou fragments d\u2019objets tout en \u00e9coutant les explications ou encore en lisant les commentaires traduits en \u00e9criture braille. Nous adressons d\u2019ailleurs nos remerciements aux Amis des aveugles de Ghlin.<\/p>\n\n\n\n<p class=\"has-medium-font-size\"> Diff\u00e9rentes sortes de c\u00e9ramique import\u00e9es ou r\u00e9gionales, des mat\u00e9riaux de construction, de la faune et objets en os et d\u2019autres surprises pourront \u00eatre manipul\u00e9s et seront comment\u00e9s.<\/p>\n\n\n\n<p class=\"has-medium-font-size\"> Le centre d\u2019interpr\u00e9tation gallo-romain avec sa reproduction unique et exceptionnelle de la Carte de Peutinger, une sorte de carte routi\u00e8re d\u2019\u00e9poque sera accessible. L\u2019espace est \u00e9galement ouvert aux personnes \u00e0 mobilit\u00e9 r\u00e9duite et les chiens d\u2019assistance sont les bienvenus. <\/p>\n\n\n\n<p class=\"has-medium-font-size\">Comment vous inscrire? Par t\u00e9l\u00e9phone au 064 33 95 50 (le mardi et jeudi de 8 h 30 \u00e0 16 h 30, et le mercredi de 8 h 30 \u00e0 12 h 30) ou par mail : info@statioromana.org Bienvenue \u00e0 toutes et tous!<\/p>\n\n\n\n<p class=\"has-large-font-size\"><strong>Ne Manquez pas les F\u00eates romaines du 8 septembre 2024<\/strong><\/p>\n\n\n<div class=\"wp-block-image\">\n<figure class=\"aligncenter size-large is-resized\"><img loading=\"lazy\" decoding=\"async\" width=\"766\" height=\"1024\" src=\"https:\/\/statioromana.org\/wp-content\/uploads\/2024\/07\/fetes-romaines-766x1024.jpg\" alt=\"\" class=\"wp-image-434\" style=\"width:673px;height:auto\" srcset=\"https:\/\/statioromana.org\/wp-content\/uploads\/2024\/07\/fetes-romaines-766x1024.jpg 766w, https:\/\/statioromana.org\/wp-content\/uploads\/2024\/07\/fetes-romaines-224x300.jpg 224w, https:\/\/statioromana.org\/wp-content\/uploads\/2024\/07\/fetes-romaines-768x1027.jpg 768w, https:\/\/statioromana.org\/wp-content\/uploads\/2024\/07\/fetes-romaines-1149x1536.jpg 1149w, https:\/\/statioromana.org\/wp-content\/uploads\/2024\/07\/fetes-romaines.jpg 1532w\" sizes=\"auto, (max-width: 766px) 100vw, 766px\" \/><\/figure>\n<\/div>\n\n\n<p class=\"has-text-align-center has-larger-font-size\">Joli succ\u00e8s sur le site de la Statio Romana ce dimanche 23 juin 2024 lors de la balade gourmande organis\u00e9e par la ville de Binche. 210 personnes ont profit\u00e9 du beau soleil pour visiter notre site.<\/p>\n\n\n\n<p class=\"has-text-align-center has-larger-font-size\">C&rsquo;est la Ferme de la Princesse (tente sur la droite) qui s&rsquo;est charg\u00e9e des repas.<\/p>\n\n\n\n<div class=\"wp-block-columns is-layout-flex wp-container-core-columns-is-layout-9d6595d7 wp-block-columns-is-layout-flex\">\n<div class=\"wp-block-column is-layout-flow wp-block-column-is-layout-flow\" style=\"flex-basis:100%\">\n<div class=\"wp-block-group\"><div class=\"wp-block-group__inner-container is-layout-constrained wp-block-group-is-layout-constrained\">\n<div class=\"wp-block-columns is-layout-flex wp-container-core-columns-is-layout-9d6595d7 wp-block-columns-is-layout-flex\">\n<div class=\"wp-block-column is-layout-flow wp-block-column-is-layout-flow\" style=\"flex-basis:100%\"><div class=\"wp-block-image\">\n<figure class=\"aligncenter size-large\"><img loading=\"lazy\" decoding=\"async\" width=\"1024\" height=\"710\" src=\"https:\/\/statioromana.org\/wp-content\/uploads\/2024\/06\/IMG_20240623_124044-1024x710.jpg\" alt=\"\" class=\"wp-image-300\" srcset=\"https:\/\/statioromana.org\/wp-content\/uploads\/2024\/06\/IMG_20240623_124044-1024x710.jpg 1024w, https:\/\/statioromana.org\/wp-content\/uploads\/2024\/06\/IMG_20240623_124044-300x208.jpg 300w, https:\/\/statioromana.org\/wp-content\/uploads\/2024\/06\/IMG_20240623_124044-768x533.jpg 768w, https:\/\/statioromana.org\/wp-content\/uploads\/2024\/06\/IMG_20240623_124044-1536x1065.jpg 1536w, https:\/\/statioromana.org\/wp-content\/uploads\/2024\/06\/IMG_20240623_124044-2048x1420.jpg 2048w, https:\/\/statioromana.org\/wp-content\/uploads\/2024\/06\/IMG_20240623_124044-1086x753.jpg 1086w\" sizes=\"auto, (max-width: 1024px) 100vw, 1024px\" \/><\/figure>\n<\/div>\n\n\n<div class=\"wp-block-columns is-layout-flex wp-container-core-columns-is-layout-9d6595d7 wp-block-columns-is-layout-flex\">\n<div class=\"wp-block-column is-layout-flow wp-block-column-is-layout-flow\"><div class=\"wp-block-image\">\n<figure class=\"aligncenter size-large is-resized\"><img loading=\"lazy\" decoding=\"async\" width=\"885\" height=\"1024\" src=\"https:\/\/statioromana.org\/wp-content\/uploads\/2024\/06\/balade2-1-885x1024.jpg\" alt=\"\" class=\"wp-image-313\" style=\"width:505px;height:auto\" srcset=\"https:\/\/statioromana.org\/wp-content\/uploads\/2024\/06\/balade2-1-885x1024.jpg 885w, https:\/\/statioromana.org\/wp-content\/uploads\/2024\/06\/balade2-1-259x300.jpg 259w, https:\/\/statioromana.org\/wp-content\/uploads\/2024\/06\/balade2-1-768x889.jpg 768w, https:\/\/statioromana.org\/wp-content\/uploads\/2024\/06\/balade2-1.jpg 926w\" sizes=\"auto, (max-width: 885px) 100vw, 885px\" \/><\/figure>\n<\/div><\/div>\n<\/div>\n<\/div>\n<\/div>\n<\/div><\/div>\n<\/div>\n<\/div>\n\n\n\n<p class=\"has-text-align-center has-larger-font-size\">Une d\u00e9l\u00e9gation du groupe de reconstitution romaine IMPERIVM ROMANVM \u00e9tait m\u00eame pr\u00e9sente<\/p>\n\n\n<div class=\"wp-block-image\">\n<figure class=\"aligncenter size-large is-resized\"><img loading=\"lazy\" decoding=\"async\" width=\"1024\" height=\"771\" src=\"https:\/\/statioromana.org\/wp-content\/uploads\/2024\/06\/IMG_20240623_134713-1024x771.jpg\" alt=\"\" class=\"wp-image-301\" style=\"width:862px;height:auto\" srcset=\"https:\/\/statioromana.org\/wp-content\/uploads\/2024\/06\/IMG_20240623_134713-1024x771.jpg 1024w, https:\/\/statioromana.org\/wp-content\/uploads\/2024\/06\/IMG_20240623_134713-300x226.jpg 300w, https:\/\/statioromana.org\/wp-content\/uploads\/2024\/06\/IMG_20240623_134713-768x578.jpg 768w, https:\/\/statioromana.org\/wp-content\/uploads\/2024\/06\/IMG_20240623_134713-1536x1157.jpg 1536w, https:\/\/statioromana.org\/wp-content\/uploads\/2024\/06\/IMG_20240623_134713-2048x1542.jpg 2048w, https:\/\/statioromana.org\/wp-content\/uploads\/2024\/06\/IMG_20240623_134713-1086x818.jpg 1086w\" sizes=\"auto, (max-width: 1024px) 100vw, 1024px\" \/><\/figure>\n<\/div>\n\n\n<div class=\"wp-block-columns is-layout-flex wp-container-core-columns-is-layout-9d6595d7 wp-block-columns-is-layout-flex\">\n<div class=\"wp-block-column is-layout-flow wp-block-column-is-layout-flow\"><div class=\"wp-block-image\">\n<figure class=\"aligncenter size-large is-resized\"><img loading=\"lazy\" decoding=\"async\" width=\"843\" height=\"1024\" src=\"https:\/\/statioromana.org\/wp-content\/uploads\/2024\/06\/balade1-1-843x1024.jpg\" alt=\"\" class=\"wp-image-315\" style=\"width:257px;height:auto\" srcset=\"https:\/\/statioromana.org\/wp-content\/uploads\/2024\/06\/balade1-1-843x1024.jpg 843w, https:\/\/statioromana.org\/wp-content\/uploads\/2024\/06\/balade1-1-247x300.jpg 247w, https:\/\/statioromana.org\/wp-content\/uploads\/2024\/06\/balade1-1-768x933.jpg 768w, https:\/\/statioromana.org\/wp-content\/uploads\/2024\/06\/balade1-1.jpg 901w\" sizes=\"auto, (max-width: 843px) 100vw, 843px\" \/><\/figure>\n<\/div><\/div>\n\n\n\n<div class=\"wp-block-column is-layout-flow wp-block-column-is-layout-flow\"><div class=\"wp-block-image\">\n<figure class=\"aligncenter size-full is-resized\"><img loading=\"lazy\" decoding=\"async\" width=\"960\" height=\"960\" src=\"https:\/\/statioromana.org\/wp-content\/uploads\/2024\/06\/balade4.jpg\" alt=\"\" class=\"wp-image-316\" style=\"width:312px;height:auto\" srcset=\"https:\/\/statioromana.org\/wp-content\/uploads\/2024\/06\/balade4.jpg 960w, https:\/\/statioromana.org\/wp-content\/uploads\/2024\/06\/balade4-300x300.jpg 300w, https:\/\/statioromana.org\/wp-content\/uploads\/2024\/06\/balade4-150x150.jpg 150w, https:\/\/statioromana.org\/wp-content\/uploads\/2024\/06\/balade4-768x768.jpg 768w\" sizes=\"auto, (max-width: 960px) 100vw, 960px\" \/><\/figure>\n<\/div><\/div>\n\n\n\n<div class=\"wp-block-column is-layout-flow wp-block-column-is-layout-flow\"><div class=\"wp-block-image\">\n<figure class=\"aligncenter size-full is-resized\"><img loading=\"lazy\" decoding=\"async\" width=\"960\" height=\"960\" src=\"https:\/\/statioromana.org\/wp-content\/uploads\/2024\/06\/balade5.jpg\" alt=\"\" class=\"wp-image-317\" style=\"width:311px;height:auto\" srcset=\"https:\/\/statioromana.org\/wp-content\/uploads\/2024\/06\/balade5.jpg 960w, https:\/\/statioromana.org\/wp-content\/uploads\/2024\/06\/balade5-300x300.jpg 300w, https:\/\/statioromana.org\/wp-content\/uploads\/2024\/06\/balade5-150x150.jpg 150w, https:\/\/statioromana.org\/wp-content\/uploads\/2024\/06\/balade5-768x768.jpg 768w\" sizes=\"auto, (max-width: 960px) 100vw, 960px\" \/><\/figure>\n<\/div><\/div>\n<\/div>\n\n\n\n<p class=\"has-text-align-center has-larger-font-size\" style=\"line-height:1.6\"><strong>Un arr\u00eat de la balade gourmande est pr\u00e9vu au mus\u00e9e qui sera ouvert ce dimanche 23 juin de 10h30 \u00e0 17h<\/strong><\/p>\n\n\n<div class=\"wp-block-image\">\n<figure class=\"aligncenter size-large\"><img loading=\"lazy\" decoding=\"async\" width=\"724\" height=\"1024\" src=\"https:\/\/statioromana.org\/wp-content\/uploads\/2024\/06\/balade-gourmande-724x1024.jpg\" alt=\"\" class=\"wp-image-286\" srcset=\"https:\/\/statioromana.org\/wp-content\/uploads\/2024\/06\/balade-gourmande-724x1024.jpg 724w, https:\/\/statioromana.org\/wp-content\/uploads\/2024\/06\/balade-gourmande-212x300.jpg 212w, https:\/\/statioromana.org\/wp-content\/uploads\/2024\/06\/balade-gourmande-768x1086.jpg 768w, https:\/\/statioromana.org\/wp-content\/uploads\/2024\/06\/balade-gourmande.jpg 905w\" sizes=\"auto, (max-width: 724px) 100vw, 724px\" \/><\/figure>\n<\/div>","protected":false},"excerpt":{"rendered":"<p>Ce dimanche 29 juin, le mus\u00e9e gallo-romain de Waudrez de m\u00eame que l&rsquo;exposition temporaire seront ouverts de 8h30 \u00e0 18h00. &nbsp;Une fois n&rsquo;est pas coutume,&hellip;<\/p>\n","protected":false},"author":2,"featured_media":0,"parent":0,"menu_order":0,"comment_status":"closed","ping_status":"closed","template":"","meta":{"footnotes":""},"class_list":["post-778","page","type-page","status-publish","hentry"],"_links":{"self":[{"href":"https:\/\/statioromana.org\/index.php\/wp-json\/wp\/v2\/pages\/778","targetHints":{"allow":["GET"]}}],"collection":[{"href":"https:\/\/statioromana.org\/index.php\/wp-json\/wp\/v2\/pages"}],"about":[{"href":"https:\/\/statioromana.org\/index.php\/wp-json\/wp\/v2\/types\/page"}],"author":[{"embeddable":true,"href":"https:\/\/statioromana.org\/index.php\/wp-json\/wp\/v2\/users\/2"}],"replies":[{"embeddable":true,"href":"https:\/\/statioromana.org\/index.php\/wp-json\/wp\/v2\/comments?post=778"}],"version-history":[{"count":3,"href":"https:\/\/statioromana.org\/index.php\/wp-json\/wp\/v2\/pages\/778\/revisions"}],"predecessor-version":[{"id":787,"href":"https:\/\/statioromana.org\/index.php\/wp-json\/wp\/v2\/pages\/778\/revisions\/787"}],"wp:attachment":[{"href":"https:\/\/statioromana.org\/index.php\/wp-json\/wp\/v2\/media?parent=778"}],"curies":[{"name":"wp","href":"https:\/\/api.w.org\/{rel}","templated":true}]}}